, -2*q + 28 = -4*z - 6. Suppose -1 = -4*j - q. What is the remainder when 23*(-2)/6*j is divided by 13?
10
Suppose -i = -g - 38, 2*i + 3*i - 184 = 3*g. Suppose 4*l - i = 3*w, w - 31 = -8*l + 4*l. What is the remainder when l is divided by 3?
2
Let m = -12 - -17. Suppose -c - 13 = 4*z, m*z = -2*c - 12 - 2. What is the remainder when 7 is divided by c?
1
Suppose 1 = -4*d - q + 94, 5*q = 3*d - 87. Calculate the remainder when 117 is divided by d.
21
Let y = -83 - -198. What is the remainder when 89 is divided by ((-5)/(-50))/(2/y)*4?
20
Suppose -16 = -4*r - 8. Suppose 9*b = r*b + 252. What is the remainder when 70 is divided by b?
34
Let b(z) = z + 3. Let k be b(9). What is the remainder when 46 is divided by 0/k - (0 - 12)?
10
Let b(w) = 86*w**2 - 10*w + 11. Let u(a) be the first derivative of a**4/4 - a**3 - a**2/2 + 3*a - 1. What is the remainder when b(1) is divided by u(4)?
12
Let s = 30 - 19. Suppose -r + 8 + s = 0. What is the remainder when r is divided by 11?
8
Let n(v) = -19*v**3 - 3*v**2 + 4. Let r be n(-3). Suppose 0 = -5*j + 145 + r. What is the remainder when j is divided by (-1)/(-2 - (-63)/32)?
31
Suppose 5*q = 214 + 166. Let b = q - 27. Calculate the remainder when b is divided by 26.
23
Let d = -118 - -50. Let p be (114/(-4))/(1/d). What is the remainder when p/30 - 2/(-5) is divided by 17?
14
Suppose 6*l - 7 - 11 = 0. Calculate the remainder when 9 is divided by l.
0
What is the remainder when ((-20)/6 - 0)*-156 is divided by 105?
100
Let b(h) = h**3 - 8*h**2 + 8*h - 10. Let i be b(7). Calculate the remainder when 77 is divided by (-44)/(-2) - (i - -5).
17
Let l = -2 - -6. Suppose z - 4*f = 25, -5*z + 53 - 8 = -l*f. Let i = 466 + -457. Calculate the remainder when i is divided by z.
4
Let g = 11 - -5. Let h(x) = x**3 - 5*x**2 - 4*x - 14. Let j be h(6). Let t(k) = 10*k**2 + 6*k + 16. What is the remainder when t(j) is divided by g?
12
Suppose 0 = -2*f - 687 + 899. What is the remainder when f is divided by 94?
12
Suppose 4*b + v - 63 = 0, 14 = 5*v - 1. Calculate the remainder when b is divided by 1/(-3) + 88/12.
1
Let n = -90 + 240. Calculate the remainder when n is divided by 78.
72
Suppose -j - 3*j + 492 = 0. Let c = 129 - j. Calculate the remainder when 95 is divided by c.
5
Suppose 2*t - 24 = t. Suppose -t*o + 25*o - 23 = 0. What is the remainder when o is divided by 10?
3
Suppose 0 = -y - 21 + 66. Let n = -4 + 7. Calculate the remainder when y is divided by 1*n - (-21 + 12).
9
Let b = 16 - 12. Suppose 0 = -3*a - 2*r + 9, -10*a + 7*a = r - 9. What is the remainder when b is divided by a?
1
Let q(s) = -3*s**3 - 3*s**2 + 3*s - 2. Let z be (6/5)/(2/(-5)). Calculate the remainder when q(z) is divided by 23.
20
Suppose -15*w + 67 + 308 = 0. What is the remainder when 85 is divided by w?
10
Let r = 18 - 16. Let y(f) = -2*f**2 + 12*f - 8. What is the remainder when r is divided by y(5)?
0
Suppose 0 = 2*g + 3*z - 13, 23 = g + 3*g + 5*z. Suppose 7*t - 20 = g*t. Let f = -22 + 31. What is the remainder when f is divided by t?
1
Let x(j) = -7*j**2 + 121*j + 39. Calculate the remainder when x(13) is divided by 88.
77
Let x = 36 + 6. Suppose 2*k - 7*k = -55. Calculate the remainder when x is divided by k.
9
Suppose 3*g + 54 + 180 = 0. What is the remainder when 1 + 66/g + 232/13 is divided by 7?
4
What is the remainder when 424 is divided by (-10696)/(-98) + 32/(-28)?
100
Let d(u) = u + 35. Let h be d(0). Let c(i) = i**3 + 4*i**2 + 12. Let r be c(-5). Let z = h + r. What is the remainder when 85 is divided by z?
19
Let q = -280 - -342. Calculate the remainder when q is divided by 13.
10
What is the remainder when 356/16 - (-410)/(-328) is divided by (-88)/(-14) - (-2)/(-7)?
3
Let u(z) = z**3 + 2*z**2 - 1 + 6 + 0*z**2 + 2*z**2. Let d be ((-8)/(-12))/((-2)/12). Calculate the remainder when 9 is divided by u(d).
4
Suppose 3*m - 139 = -5*d, 2*m - 78 = -d + 3. Calculate the remainder when 113 is divided by m.
37
Suppose -30 = -2*t - 0*t + 5*y, -5*t = -2*y - 54. Suppose 9*x - t*x + 36 = 0. Calculate the remainder when 69 is divided by x.
33
Suppose -2*y = -5*l + 34, y = 2*y - 2*l + 17. Let q = y + 16. What is the remainder when 2110/45 - q/9 is divided by 7?
5
Let x(m) = -41*m - 11. What is the remainder when 46 is divided by x(-1)?
16
Let v(r) = -2*r**3 - 2*r**2 + 3*r + 5. Calculate the remainder when 72 is divided by v(-2).
2
What is the remainder when 33 is divided by (40/(-3))/(7 + (-138)/18)?
13
Let a = -23 + 76. What is the remainder when a is divided by (1/2)/(4/112)?
11
Let l = 17 + -15. What is the remainder when (2/2)/((-2)/(-74)) is divided by 15 - (l + -3)*-2?
11
Let l(y) = -23*y - 3. Let p be l(-1). Suppose -p*b = -17*b - 318. What is the remainder when b is divided by 18?
16
What is the remainder when 6 + -1 + 3 + 120 is divided by 44?
40
Let s(l) = -l + 2. Calculate the remainder when 179 is divided by s(-24).
23
Let g = 52 + -25. Let i = -35 + 45. Calculate the remainder when g is divided by i.
7
Let v = 985 + -908. What is the remainder when 689 is divided by v?
73
Let b(d) be the third derivative of -d**5/60 - d**4/12 + d**3 - 7*d**2. Let y be b(5). Let f = 50 + y. What is the remainder when f is divided by 11?
10
Let z(h) = h**3 + 5*h**2 + 6. Let n be z(-5). Let i be 208/12 + (-2)/n. What is the remainder when 60 is divided by 8/2 + i/1?
18
Let l(a) = -a**3 - 23*a**2 - 26*a - 47. What is the remainder when l(-22) is divided by 11?
8
Suppose 3022 - 607 = 23*s. What is the remainder when s is divided by 27?
24
Suppose 0 = -0*y + 3*y - 75. Suppose 5*t + 0*t = -y. What is the remainder when 47 is divided by ((-24)/(-5))/((-1)/t)?
23
Suppose -5*r = 4*l - 15 + 6, 5*l - r = 4. Let f = l - -56. Let d(j) = j**2 + 4*j - 6. What is the remainder when f is divided by d(3)?
12
Suppose 5*k + 2 = -3, 0 = 2*i - k - 1. Suppose i*b + 7*b - 56 = 0. Calculate the remainder when 10 is divided by b.
2
Let y(n) = 5*n + 103. What is the remainder when 86 is divided by y(-16)?
17
Let w(d) = 4*d**2 - 4*d + 3. Let z be w(2). Suppose -j - 5 = -p + j, -2*p = -3*j - z. Calculate the remainder when 19 is divided by p.
5
Let t(s) = 2*s - 5. Let u(f) be the first derivative of 2*f**2 - 14*f + 13. Calculate the remainder when u(8) is divided by t(5).
3
Let i = -2019 - -2090. Calculate the remainder when 778 is divided by i.
68
What is the remainder when 77 - (6/12 + (-18)/(-4)) is divided by 24?
0
Calculate the remainder when 11088/294*(-7)/(-2) is divided by 36.
24
Let d be ((-4)/(-8)*0)/1. Suppose -x - l + 63 = d, 0 = -2*x + 3*x + 4*l - 78. Let c = -20 - -35. Calculate the remainder when x is divided by c.
13
Suppose -4*v - 2331 = -11*v. Calculate the remainder when v is divided by 84.
81
Suppose -10 = 5*a, -2*b + 6*b - 2*a - 112 = 0. Let z = 14 + 5. Let d = z - 9. Calculate the remainder when b is divided by d.
7
Suppose 22*i - 886 = -204. What is the remainder when 120 is divided by i?
27
Let t = 14 + -31. Let k = 13 - t. What is the remainder when 149 is divided by k?
29
Let w be 166/8 + 3/12. Let c(d) = -20*d + 7. Let b be c(-2). Suppose 2*h - z - w = 0, 4*h = -6*z + 3*z + b. What is the remainder when 30 is divided by h?
8
Let w(u) = 39*u + 80. What is the remainder when w(0) is divided by 23?
11
Let n be (-662)/(-6) - 14/(-21). Let r = n + -76. Suppose -p - p = -18. Calculate the remainder when r is divided by p.
8
Let s = 22 + -14. Let i be 1/(-1) + -2 - 0. What is the remainder when 15*(3 + 1 + i) is divided by s?
7
Suppose 3*s + 66 = 4*x - 42, -3*s - 135 = 5*x. Let p(m) = -m**3 + 9*m**2 - 4*m + 1. Let j be p(4). Let h = j + s. What is the remainder when 48 is divided by h?
23
Let k = -73 + 25. Calculate the remainder when (4 + k)*1*(-2)/4 is divided by 4.
2
Let x(n) be the second derivative of -n**4/12 - 2*n**3 - n**2 + 2*n. Let d be x(-12). What is the remainder when ((-77)/d)/(3/6) is divided by 16?
13
Suppose 0 = -2*g + 5*i + 26, -3*g + 3*i = -g - 34. Calculate the remainder when 59 is divided by g.
13
Let x(m) = m**3 + 12*m**2 + 11*m + 16. Suppose 2*q - 5*u + 38 = -u, -2*u + 63 = -5*q. Calculate the remainder when 29 is divided by x(q).
13
Suppose -3*a = 5*x - 44, 5*a + 21 - 151 = 3*x. Let p = a - 9. Calculate the remainder when 50 is divided by p.
8
Let s = 33 - 28. Suppose -x - 4*x - 65 = -s*g, -53 = -5*g + x. Calculate the remainder whe